n 64 is divided by 14?
8
What is the remainder when 557 is divided by 113?
105
Calculate the remainder when 9911 is divided by 56.
55
Calculate the remainder when 315 is divided by 32.
27
Calculate the remainder when 3166 is divided by 105.
16
Calculate the remainder when 24238 is divided by 12.
10
Calculate the remainder when 1814 is divided by 73.
62
Calculate the remainder when 91 is divided by 68.
23
What is the remainder when 1069 is divided by 448?
173
What is the remainder when 323 is divided by 12?
11
Calculate the remainder when 3033 is divided by 758.
1
What is the remainder when 217 is divided by 28?
21
What is the remainder when 131 is divided by 46?
39
Calculate the remainder when 1782 is divided by 104.
14
What is the remainder when 239 is divided by 9?
5
What is the remainder when 643 is divided by 30?
13
What is the remainder when 230 is divided by 1?
0
Calculate the remainder when 1106 is divided by 41.
40
What is the remainder when 302 is divided by 67?
34
Calculate the remainder when 861 is divided by 12.
9
Calculate the remainder when 12844 is divided by 12841.
3
Calculate the remainder when 3238 is divided by 250.
238
Calculate the remainder when 7307 is divided by 1216.
11
What is the remainder when 142 is divided by 5?
2
Calculate the remainder when 2620 is divided by 52.
20
Calculate the remainder when 1512 is divided by 89.
88
Calculate the remainder when 35 is divided by 15.
5
What is the remainder when 2267 is divided by 386?
337
Calculate the remainder when 859 is divided by 273.
40
Calculate the remainder when 399 is divided by 156.
87
What is the remainder when 2414 is divided by 93?
89
What is the remainder when 2322 is divided by 145?
2
What is the remainder when 30 is divided by 29?
1
What is the remainder when 1098 is divided by 10?
8
Calculate the remainder when 6750 is divided by 43.
42
Calculate the remainder when 7097 is divided by 50.
47
Calculate the remainder when 245 is divided by 60.
5
Calculate the remainder when 630 is divided by 626.
4
What is the remainder when 2396 is divided by 141?
140
Calculate the remainder when 3436 is divided by 215.
211
Calculate the remainder when 1432 is divided by 713.
6
Calculate the remainder when 1016 is divided by 155.
86
Calculate the remainder when 407 is divided by 16.
7
What is the remainder when 372 is divided by 54?
48
What is the remainder when 531 is divided by 54?
45
What is the remainder when 124 is divided by 56?
12
Calculate the remainder when 145 is divided by 39.
28
What is the remainder when 585 is divided by 21?
18
Calculate the remainder when 9565 is divided by 92.
89
What is the remainder when 146 is divided by 10?
6
Calculate the remainder when 448 is divided by 6.
4
What is the remainder when 38 is divided by 20?
18
Calculate the remainder when 423 is divided by 5.
3
What is the remainder when 43 is divided by 23?
20
What is the remainder when 2323 is divided by 5?
3
Calculate the remainder when 278 is divided by 84.
26
What is the remainder when 2691 is divided by 385?
381
What is the remainder when 9848 is divided by 12?
8
What is the remainder when 610 is divided by 31?
21
What is the remainder when 45 is divided by 14?
3
Calculate the remainder when 549 is divided by 76.
17
What is the remainder when 225 is divided by 223?
2
What is the remainder when 145 is divided by 40?
25
What is the remainder when 963 is divided by 46?
43
Calculate the remainder when 109 is divided by 5.
4
Calculate the remainder when 109 is divided by 66.
43
Calculate the remainder when 191 is divided by 61.
8
What is the remainder when 672 is divided by 106?
36
Calculate the remainder when 112 is divided by 77.
35
Calculate the remainder when 2141 is divided by 126.
125
What is the remainder when 842 is divided by 113?
51
Calculate the remainder when 52 is divided by 7.
3
Calculate the remainder when 918 is divided by 182.
8
Calculate the remainder when 71 is divided by 24.
23
What is the remainder when 67 is divided by 53?
14
What is the remainder when 313 is divided by 72?
25
Calculate the remainder when 77 is divided by 28.
21
Calculate the remainder when 225 is divided by 39.
30
What is the remainder when 1677 is divided by 21?
18
What is the remainder when 123 is divided by 3?
0
Calculate the remainder when 605 is divided by 25.
5
Calculate the remainder when 584 is divided by 19.
14
Calculate the remainder when 104 is divided by 15.
14
What is the remainder when 203 is divided by 52?
47
Calculate the remainder when 12709 is divided by 41.
40
Calculate the remainder when 3033 is divided by 74.
73
What is the remainder when 283 is divided by 71?
70
What is the remainder when 133 is divided by 58?
17
Calculate the remainder when 199 is divided by 46.
15
Calculate the remainder when 180 is divided by 26.
24
What is the remainder when 437 is divided by 90?
77
Calculate the remainder when 675 is divided by 113.
110
What is the remainder when 111 is divided by 24?
15
Calculate the remainder when 1159 is divided by 40.
39
What is the remainder when 759 is divided by 187?
11
What is the remainder when 126 is divided by 58?
10
What is the remainder when 113 is divided by 41?
31
What is the remainder when 1060 is divided by 1052?
8
Calculate the remainder when 80 is divided by 14.
10
What is the remainder when 152 is divided by 25?
2
What is the remainder when 1327 is divided by 111?
106
Calculate the remainder when 220 is divided by 9.
4
Calculate the remainder when 127 is divided by 121.
6
Calculate the remainder when 358 is divided by 162.
34
Calculate the remainder when 124 is divided by 12.
4
What is the remainder when 489 is divided by 35?
34
Calculate the remainder when 689 is divided by 30.
29
What is the remainder when 295 is divided by 97?
4
What is the remainder when 82 is divided by 20?
2
What is the remainder when 544 is divided by 13?
11
Calculate the remainder when 2289 is divided by 164.
157
What is the remainder when 5777 is divided by 14?
9
What is the remainder when 4329 is divided by 38?
35
What is the remainder when 1229 is divided by 123?
122
What is the remainder when 593 is divided by 265?
63
What is the remainder when 18162 is divided by 105?
102
Calculate the remainder when 381 is divided by 101.
78
What is the remainder when 143 is divided by 48?
47
What is the remainder when 345 is divided by 84?
9
What is the remainder when 4068 is divided by 163?
156
What is the remainder when 234 is divided by 59?
57
What is the remainder when 256 is divided by 65?
61
Calculate the remainder when 2112 is divided by 101.
92
Calculate the remainder when 1515 is divided by 41.
39
What is the remainder when 572 is divided by 196?
180
What is the remainder when 5768 is divided by 13?
9
Calculate the remainder when 2200 is divided by 28.
16
Calculate the remainder when 274 is divided by 35.
29
Calculate the remainder when 839 is divided by 30.
29
What is the remainder when 1157 is divided by 116?
113
What is the remainder when 30 is divided by 8?
6
What is the remainder when 286 is divided by 7?
6
What is the remainder when 11 is divided by 7?
4
What is the remainder when 294 is divided by 34?
22
Calculate the remainder when 159 is divided by 87.
72
What is the remainder when 1741 is divided by 70?
61
Calculate the remainder when 812 is divided by 241.
89
Calculate the remainder when 84 is divided by 8.
4
Calculate the remainder when 54 is divided by 9.
0
What is the remainder when 104 is divided by 27?
23
What is the remainder when 196 is divided by 12?
4
Calculate the remainder when 2197 is divided by 63.
55
Calculate the remainder when 10 is divided by 5.
0
What is the remainder when 2296 is divided by 100?
96
What is the remainder when 2607 is divided by 63?
24
What is the remainder when 241 is divided by 106?
29
What is the remainder when 736 is divided by 693?
43
What is the remainder when 1858 is divided by 116?
2
What is the remainder when 79 is divided by 9?
7
Calculate the remainder when 4714 is divided by 14.
10
Calculate the remainder when 448 is divided by 401.
47
What is the remainder when 6910 is divided by 18?
16
What is the remainder when 206 is divided by 19?
16
Calculate the remainder when 98 is divided by 84.
14
Calculate the remainder when 